{"id":2,"date":"2024-03-27T07:21:47","date_gmt":"2024-03-27T07:21:47","guid":{"rendered":"https:\/\/wingrap.co.rs\/?page_id=2"},"modified":"2024-03-27T09:27:52","modified_gmt":"2024-03-27T09:27:52","slug":"sample-page","status":"publish","type":"page","link":"https:\/\/wingrap.co.rs\/","title":{"rendered":"Mi gradimo lepe ku\u0107e"},"content":{"rendered":"\n<p>Mi za vas projektujemo i gradimo lepe ku\u0107e, i to od po\u010detka do kraja.<\/p>\n\n\n\n<p>Uskoro na ovom mestu objavljujemo novu prezentaciju sa galerijom slika objekata koje smo izgradili. Obe\u0107avamo da \u0107emo vam pripremiti interesantne pri\u010de o svakom od izgra\u0111enih objekata, sa izazovima i zanimljivostima sa kojima smo se prilikom projektovanja i izgradnje susretali.<\/p>\n\n\n\n<p>Do tada nam mo\u017eete pisati na: <a href=\"mailto:office@wingrap.co.rs\">office@wingrap.co.rs<\/a>, ili nas pozvati na 063\/886-9448<\/p>\n\n\n\n<p><\/p>\n\n\n\n<p>A mo\u017eete pogledati i na\u0161 blog <em><a href=\"http:\/\/kljucuruke.com\/\">kljucuruke.com<\/a><\/em>, ima i tamo pone\u010deg zanimljivog<\/p>\n","protected":false},"excerpt":{"rendered":"<p>Mi za vas projektujemo i gradimo lepe ku\u0107e, i to od po\u010detka do kraja. Uskoro na ovom mestu objavljujemo novu prezentaciju sa galerijom slika objekata koje smo izgradili. Obe\u0107avamo da \u0107emo vam pripremiti interesantne pri\u010de o svakom od izgra\u0111enih objekata, sa izazovima i zanimljivostima sa kojima smo se prilikom projektovanja i izgradnje susretali. Do tada [&hellip;]<\/p>\n","protected":false},"author":1,"featured_media":0,"parent":0,"menu_order":0,"comment_status":"closed","ping_status":"closed","template":"","meta":{"footnotes":""},"class_list":["post-2","page","type-page","status-publish","hentry"],"_links":{"self":[{"href":"https:\/\/wingrap.co.rs\/index.php\/wp-json\/wp\/v2\/pages\/2","targetHints":{"allow":["GET"]}}],"collection":[{"href":"https:\/\/wingrap.co.rs\/index.php\/wp-json\/wp\/v2\/pages"}],"about":[{"href":"https:\/\/wingrap.co.rs\/index.php\/wp-json\/wp\/v2\/types\/page"}],"author":[{"embeddable":true,"href":"https:\/\/wingrap.co.rs\/index.php\/wp-json\/wp\/v2\/users\/1"}],"replies":[{"embeddable":true,"href":"https:\/\/wingrap.co.rs\/index.php\/wp-json\/wp\/v2\/comments?post=2"}],"version-history":[{"count":3,"href":"https:\/\/wingrap.co.rs\/index.php\/wp-json\/wp\/v2\/pages\/2\/revisions"}],"predecessor-version":[{"id":22,"href":"https:\/\/wingrap.co.rs\/index.php\/wp-json\/wp\/v2\/pages\/2\/revisions\/22"}],"wp:attachment":[{"href":"https:\/\/wingrap.co.rs\/index.php\/wp-json\/wp\/v2\/media?parent=2"}],"curies":[{"name":"wp","href":"https:\/\/api.w.org\/{rel}","templated":true}]}}